*2 + 468*b + 1869. Give z(-4).
-3
Let l(q) = -2800*q - 33684. Determine l(-12).
-84
Let s(w) = -w**2 - 24163*w + 1915110. Calculate s(79).
-8
Let r(b) = -136*b + 652. Determine r(0).
652
Let v(u) = -341563*u - 683130. Determine v(-2).
-4
Let k(x) = -x**2 - 715356*x + 3576813. Calculate k(5).
8
Let m(z) = -85*z**2 - 1642*z - 5508. Give m(-15).
-3
Let z(h) = -13*h**2 - 1816*h + 534. Give z(-140).
-26
Let z(j) = -j**3 - 33*j**2 + 98*j + 213. What is z(-36)?
573
Let q(n) = n**3 - 26*n**2 + 5885*n - 133749. Determine q(23).
19
Let j(k) = 254*k - 2555. Determine j(9).
-269
Let j(r) = -r**3 + 26*r**2 + 1756*r + 633. Calculate j(57).
6
Let o(c) = -4*c**3 + 300*c**2 + 24*c - 1809. Calculate o(75).
-9
Let l(p) = -3*p**2 + 746*p - 39094. Give l(75).
-19
Let d(q) = 5*q**2 - 375*q - 19980. What is d(-36)?
0
Let n(g) = -g**2 - 3126*g - 1826739. Give n(-778).
5
Let f(n) = 18184*n + 109169. Give f(-6).
65
Let u(x) = -x**3 + 172*x**2 - 346*x - 1050. Determine u(170).
-2070
Let b(m) = 13960*m - 460661. Determine b(33).
19
Let w(c) = -c**3 - 31*c**2 - 24*c + 1670. What is w(-28)?
-10
Let k(h) = 24522*h - 34404366. What is k(1403)?
0
Let j(l) = -25*l**3 - 2375*l**2 - 59. Determine j(-95).
-59
Let m(z) = 4706*z - 18850. What is m(4)?
-26
Let j(g) = g**3 + 3*g**2 - 36*g - 11. Determine j(-5).
119
Let j(g) = g**3 + 23*g**2 - 247*g + 54. Calculate j(-31).
23
Let b(y) = -y**2 + 34*y + 2716. Determine b(-36).
196
Let y(a) = -a**2 + 1230*a - 177512. Determine y(167).
9
Let u(r) = 2*r**2 - 893*r - 10733. Give u(-12).
271
Let c(o) = -67242*o + 6320765. What is c(94)?
17
Let x(r) = r**3 - 23*r**2 + 182*r - 786. Give x(14).
-2
Let t(o) = 10*o**3 - 5*o**2 + 4219*o + 16893. What is t(-4)?
-703
Let t(g) = -2*g**3 + 663*g**2 + 1784*g - 38080. Calculate t(334).
-4
Let u(d) = 339*d - 10347. Calculate u(32).
501
Let a(d) = 28*d**2 + 2272*d - 43. Determine a(-81).
-367
Let h(y) = -2*y**3 - 22*y**2 - 61*y - 248. What is h(-9)?
-23
Let l(d) = -2*d**3 + 292*d**2 - 1974*d + 3891. Give l(139).
-1
Let j(q) = -q**3 - q**2 + 208*q + 65. What is j(-15)?
95
Let j(s) = 21*s**2 - 1278*s - 623. Calculate j(61).
-440
Let z(u) = u**3 - 153*u**2 + 1522*u + 5670. Give z(142).
-10
Let s(c) = 61571*c - 2093417. Determine s(34).
-3
Let y(f) = f**3 + 196*f**2 + 592*f + 18. What is y(-3)?
-21
Let c(p) = p**3 - 23*p**2 - 2420*p + 59241. What is c(25)?
-9
Let x(q) = -2013*q + 48314. Give x(24).
2
Let c(z) = -537*z**3 - 11800*z**2 + 311*z + 61. What is c(-22)?
-5
Let k(m) = -2*m**3 - 15*m**2 + 163*m + 935. Give k(-11).
-11
Let q(p) = 41956*p - 671296. Determine q(16).
0
Let y(l) = 531*l**2 + 114*l - 100. Determine y(1).
545
Let i(t) = t**3 - 31*t**2 - 406*t - 18. Give i(41).
146
Let b(r) = -3*r**3 - 61*r**2 - 77*r + 229. Determine b(-3).
-8
Let o(n) = -n**3 - 6*n**2 + 1192*n + 13533. Determine o(-12).
93
Let d(z) = z**3 - 646*z**2 - 600*z - 30412. Determine d(647).
-3
Let q(i) = 10*i**2 - 8320*i - 223081. What is q(-26)?
-1
Let j(g) = 1436*g + 107692. Calculate j(-75).
-8
Let m(q) = -6296*q - 100781. Give m(-16).
-45
Let b(w) = w**2 + 1039*w - 89499. What is b(-1119)?
21
Let y(x) = 3*x**2 + 557*x + 24834. What is y(-112)?
82
Let y(i) = 256*i - 22283. Give y(77).
-2571
Let t(m) = m**3 + 103*m**2 - 331*m - 4. Give t(0).
-4
Let t(k) = -k**2 - 1847*k + 286706. Give t(144).
2
Let m(a) = -2*a**3 - 10*a**2 + 2471*a - 14162. What is m(6)?
-128
Let w(x) = x**3 - 4*x**2 - 4*x + 31. Determine w(-3).
-20
Let z(s) = s**2 - 2297*s + 9178. Give z(4).
6
Let m(v) = 104*v - 18117. Calculate m(149).
-2621
Let v(n) = -3*n**2 + 84*n + 636. Give v(31).
357
Let a(o) = 5*o**2 + 69*o - 341. What is a(4)?
15
Let b(x) = 2294*x + 13303. What is b(-8)?
-5049
Let f(p) = -6*p**3 - 498*p**2 - 7*p - 408. Calculate f(-83).
173
Let l(c) = 474*c + 27626. Calculate l(-57).
608
Let c(t) = 55*t**3 + t**2 - 200*t - 406. Determine c(-2).
-442
Let g(u) = -3*u**2 - 2726*u - 8138. Calculate g(-3).
13
Let o(m) = 446*m**2 - 151*m. Calculate o(3).
3561
Let u(o) = 3*o**3 - 23*o**2 - 143*o - 29. Give u(-6).
-647
Let q(n) = -n**3 + 47*n**2 - 465*n + 135. What is q(26)?
2241
Let v(f) = -2*f**2 + 1078*f - 80804. Determine v(449).
16
Let a(v) = -2*v**3 + 26*v**2 + 303*v - 452. Determine a(20).
8
Let p(z) = z**2 - 762*z - 47137. What is p(-57)?
-454
Let n(o) = 9*o**3 - 1027*o**2 + 101*o + 1883. Determine n(114).
401
Let n(l) = 20803*l + 5263174. Determine n(-253).
15
Let l(q) = -1031*q + 125791. Calculate l(122).
9
Let q(z) = -53*z**2 - 10426*z - 398. Give q(-197).
-3353
Let k(t) = t**2 - 36*t + 480. Determine k(50).
1180
Let o(i) = 181*i**2 + 1708*i + 4063. Calculate o(-5).
48
Let i(z) = 7263*z + 8606657. Give i(-1185).
2
Let b(p) = -3*p**2 - 211*p - 3171. What is b(-17)?
-451
Let d(u) = -252*u - 47873. Determine d(-190).
7
Let o(r) = -r**3 + 284*r**2 + 1177*r - 7099. What is o(288)?
101
Let x(i) = -i**2 - 663*i + 59448. Determine x(80).
8
Let f(z) = z**3 - 50*z**2 + 502*z + 38. Calculate f(36).
-34
Let l(w) = -8*w**3 - 8*w**2 + 104*w + 189. Calculate l(-6).
1005
Let k(m) = -5*m**3 + 19*m**2 + 249*m - 1810. Calculate k(7).
-851
Let d(s) = -s**3 - 15*s**2 + 68*s + 42. Give d(-19).
194
Let k(d) = -129*d + 1768. Determine k(8).
736
Let b(y) = 20668*y - 103299. What is b(5)?
41
Let r(u) = 5549*u + 782397. What is r(-141)?
-12
Let x(f) = f**3 - 365*f**2 - 1137*f + 12149. Determine x(368).
5
Let g(s) = -1227*s + 667493. Calculate g(544).
5
Let j(i) = -i**3 - 695*i**2 + 27095*i - 416. Determine j(37).
-9
Let o(n) = -n**3 - 85*n**2 - 1272*n + 1922. Calculate o(-65).
102
Let c(q) = -6555*q - 78671. Give c(-12).
-11
Let a(d) = -8477*d - 68014. What is a(-8)?
-198
Let d(n) = -1920*n - 39945. What is d(-20)?
-1545
Let v(l) = -28*l**2 + 148*l - 201. Determine v(4).
-57
Let p(g) = -188*g - 2925. Calculate p(-16).
83
Let f(z) = 1198*z + 928457. Calculate f(-775).
7
Let o(n) = n**3 + 146*n**2 + 6*n - 20216. What is o(-145)?
-61
Let r(y) = -1269*y**2 + 5037*y + 135. What is r(4)?
-21
Let f(s) = -s**2 + 946*s - 168984. Calculate f(239).
-11
Let u(m) = 13*m**3 - 16*m**2 - 45*m + 143. Determine u(-5).
-1657
Let n(z) = -z**3 + 19*z**2 - 1738*z + 6788. What is n(4)?
76
Let h(q) = 97*q**2 - 460*q + 1387. What is h(3)?
880
Let j(p) = -26415*p - 528207. Give j(-20).
93
Let j(b) = b**3 + 243*b**2 - 918*b - 44278. Give j(-246).
2
Let o(h) = -2*h**2 - 80*h + 8410. Give o(48).
-38
Let z(x) = -x**3 - 64*x**2 - 285*x - 5725. Determine z(-61).
497
Let l(a) = -16007*a + 63607. What is l(4)?
-421
Let f(r) = -146*r**2 - 2487*r - 59. What is f(-17)?
26
Let x(g) = g**3 - 198*g**2 + 1759*g + 7089. Give x(-3).
3
Let x(g) = -5282*g + 644415. Determine x(122).
11
Let k(x) = -3*x**2 - 3970*x - 832554. Give k(-1062).
54
Let x(s) = s**3 - 103*s**2 + 1248*s - 143. Give x(89).
35
Let s(x) = -2828*x - 480745. Calculate s(-170).
15
Let l(i) = 164*i**2 + 19*i + 28. Determine l(-3).
1447
Let t(y) = -y**2 + 70743*y + 141496. Determine t(-2).
6
Let r(f) = -f**3 - 52*f**2 - 602*f - 105. Determine r(-17).
14
Let v(s) = 25630*s**2 + 281932*s + 18. Calculate v(-11).
-4
Let c(g) = 18*g**2 - 1592*g + 430. What is c(88)?
-274
Let r(q) = -q**3 + 25*q**2 - 37*q + 8. What is r(8)?
800
Let r(v) = -3465*v + 196977. Calculate r(57).
-528
Let s(c) = c**3 - 426*c**2 - 527*c + 404594. Calculate s(425).
-6
Let m(k) = 82*k + 2596. Calculate m(-39).
-602
Let h(p) = p**2 - 129*p + 3701. Calculate h(48).
-187
Let m(l) = -l**2 + 31*l - 670. Determine m(20).
-450
Let g(l) = -168*l - 74. Calculate g(-4).
598
Let h(d) = -3*d**2 + 45832*d - 19671646. Determine h(442).
6
Let h(z) = -1812*z + 628764. Calculate h(347).
0
Let l(t) = -11*t**2 - 241*t + 562. Determine l(-24).
10
Let l(x) = 255*x**2 - 2845*x + 307. Give l(11).
-133
Let v(b) = -b**2 - 7135*b + 207761. Determine v(29).
5
Let c(p) = -3358*p + 1077988. Give c(321).
70
Let g(w) = -w**3 + 974*w**2 + 711502*w - 2431. Calculate g(-487).
4
Let g(h) = -2112*h + 13850. What is g(6)?
1178
Let v(n) = 2*n**2 + 444*n - 22177. Calculate v(46).
2479
Let s(f) = -1050*f + 33226. Determine s(35).
-3524
Let o(m) = m**3 + 133*m**2 + 516*m + 276. What is o(-129)?
276
Let p(x) = -31277*x + 1376141. Calculate p(44).
-47
Let v(x) = -1924*x**3 + 19*x**2 - 18*x - 2. Determine v(1).
-1925
Let z(f) = -22*f**2 + 1403*f + 264. Give z(64).
-56
Let r(p) = p**3 + 344*p**2 - 130403*p + 7426. Give r(-572).